 2*c, 5*x + 9 = 2*c. Let v(z) = 214*z**2 + 2*z + 1. Is v(x) composite?
True
Suppose r + 3*a = 13, 2*a - 35 = 5*r - 3*a. Let q = r + 295. Is q prime?
True
Is 15/20 + (-4443)/(-12) prime?
False
Suppose -3*d + d + 1142 = 0. Is d a composite number?
False
Is (-2 + -1 + 4)/((-2)/(-1594)) prime?
True
Let i = -4798 - -9509. Is i prime?
False
Suppose -5*k + 4735 = -4*b, -k - 3*b - 4740 = -6*k. Let g = -578 + k. Is g composite?
False
Let l(n) = 3*n**2 - 2*n + 8. Let x be l(6). Let m = x - -153. Is m prime?
True
Let v = 0 - -3. Suppose -v*z - 1 = -3*m - 16, -15 = -z + 3*m. Suppose z*q - 52 = -2*q. Is q a prime number?
False
Let m(l) = 10*l - 1. Let d(f) = -1. Let u be 28/6 - (-3)/9. Let c(z) = u*d(z) - m(z). Is c(-3) prime?
False
Let a = 3 - 2. Suppose -a = -4*h + 11, -b + 5*h = 12. Suppose 7*v - 812 = b*v. Is v prime?
False
Let c(a) be the third derivative of a**8/6720 + a**7/280 - a**6/60 - a**5/120 - a**4/12 - 3*a**2. Let r(z) be the second derivative of c(z). Is r(-10) prime?
True
Let q = 6 - -47. Is q a prime number?
True
Let o(g) = 21*g - 2. Is o(9) composite?
True
Suppose -2 = -4*r + 6. Is (r - 1)*(22 + 3) a prime number?
False
Suppose -91*w = -96*w + 25735. Is w a composite number?
False
Suppose 0 = 4*j - 16 - 0. Suppose 4*w + v + 0*v = 507, v = j*w - 509. Is w a prime number?
True
Suppose -180 = 3*i + 51. Let t = -11 - i. Suppose 0 = -6*f + 4*f + t. Is f prime?
False
Let r = -2 - -7. Let y(a) = 5*a**2 + 4*a. Is y(r) prime?
False
Suppose 0 = -5*w + 1103 + 372. Suppose -p = d + 38 - w, d = p - 261. Is p composite?
True
Suppose -2*j = -4*h + 2, 3*j + 2*h - 3 = -22. Let u = 30 + j. Suppose -v - 1 = -p - 2, 5*p + v = u. Is p a prime number?
False
Suppose 3*n - 4*f = f + 1002, 2*n + 5*f - 668 = 0. Is n prime?
False
Suppose -4*b + 10 = b. Suppose 0*r - 4 = b*r. Is (21/6 + r)*26 a composite number?
True
Suppose 315 = -2*f + 3*l, -l + 157 = -0*f - f. Let i = f + 223. Is i a prime number?
True
Let z = -214 - -571. Let y = z + -152. Is y prime?
False
Let p = 360 + 35. Suppose -p - 27 = -y. Is y a prime number?
False
Let v(f) = -f - 4. Let k be v(-9). Let r = k + 2. Is r prime?
True
Suppose -1212 = -3*t - 384. Suppose -t = -4*i - 0*r + r, 3*i + 2*r - 196 = 0. Let q = -35 + i. Is q prime?
False
Let t be ((-4)/6)/((-2)/6). Let g = 1 - t. Is 472/10 + g/5 composite?
False
Let v(u) be the second derivative of -u**3/3 + 3*u**2/2 + 2*u. Let p be v(6). Is (-2)/3*p/2 prime?
True
Suppose 0 = -3*o - s + 1715 + 461, -3*o = 5*s - 2156. Is o a composite number?
False
Let x(i) = 18*i**2 - 4*i - 3. Let f be x(-2). Is (f/(-3))/(1/(-3)) composite?
True
Let s(u) = -u + 1. Let y be s(-8). Let c = 13 + y. Is c composite?
True
Let b(a) = -9*a + 22. Is b(-21) a prime number?
True
Suppose -h + 83 = -2*x, -5*h + 3*x + 2*x + 440 = 0. Suppose -t - 2*r = -46, h = 2*t - 0*t + 3*r. Suppose 4*k = j - 21, j - k = -6*k + t. Is j composite?
True
Let m(o) = o**3 + 10*o**2 + o + 7. Is m(-5) a composite number?
False
Let z(b) = 55*b**3 + b**2 - 1. Let i(s) = -s**3 - 2*s**2 + 2*s - 2. Let w be (-3)/27*-3*-9. Let d be i(w). Is z(d) a composite number?
True
Is -89*4*(-4)/(-16)*-3 a prime number?
False
Let u = -2 + -4. Let z(c) = c**2 + 2*c - 6. Let y be z(u). Suppose 44 = 2*f - v, -y - 1 = -f - v. Is f prime?
False
Suppose 0 = -2*b + 3*b + 8. Let s be -1 - (9 - (0 - -2)). Is (-902)/b + (-2)/s composite?
False
Is 2*(1059/(-4))/(-3)*2 composite?
False
Suppose 0*u + 6340 = 4*u. Is u prime?
False
Let m(y) = 2*y**3 - y**2 - y - 1. Let w be m(-1). Let r(p) = -64*p - 1. Is r(w) a prime number?
True
Is ((-31)/(-2))/((-11)/(-22)) prime?
True
Let v(x) = x**2 - 2*x + 3. Let k be v(2). Let z(m) = 9*m - 2. Is z(k) composite?
True
Suppose -5*p + 13 = 3*k + 4, 2*p - k = 8. Suppose 5*n = -3*g + 292, 2*n - 115 = -6*g + p*g. Is n prime?
True
Let w(b) = b**2 + 4*b. Let x be w(-4). Suppose x = -c + 6*c. Suppose c = -2*i + 2*d + 220 - 48, -3*i + 246 = d. Is i a composite number?
False
Let l(t) = -t**3 - 3*t**2 - t + 4. Let w be (-6)/(-2 - (-1 - -1)). Suppose 4*q + w = 3*q. Is l(q) prime?
True
Is (-2)/(-12) - 16360/(-48) prime?
False
Let g(t) = -t + 1. Let y be g(-3). Suppose -y*j + 998 = -2*j + w, j - 485 = 3*w. Is j a composite number?
True
Let w = 7 - 2. Suppose 4*o + 2*k = 8, 0 = -4*k + w*k. Suppose -2*q + o = -q. Is q composite?
False
Let u = -186 - -319. Let y = -38 + u. Is y a prime number?
False
Let w be 3*10*(-12)/(-9). Let q = w + -3. Suppose 0 = 2*t + q - 291. Is t prime?
True
Suppose 2*l + 5*z - 20 = 2, 3*l + z = 7. Let v(b) = 9*b**3 + b**2. Is v(l) composite?
True
Let o be (3 + -6)*3/1. Let p(i) = i**3 + 12*i**2 + 7*i - 1. Is p(o) prime?
True
Let o be 2 + (-29)/1 - -3. Let l = o - -75. Is l a composite number?
True
Let z(k) = k**2 - 13*k + 2. Let i(y) = -y**2 + 12*y - 1. Let m(w) = 5*i(w) + 4*z(w). Let t(r) = r**3 + 4*r**2 - r - 4. Let s be t(-3). Is m(s) a prime number?
True
Suppose p - 6*w + 2*w = -5, 5*w - 10 = 0. Suppose -1644 = -b - 3*b + 2*a, -p*b - 5*a = -1259. Is b composite?
True
Let p = 175 - -76. Is p composite?
False
Let g be 6 + -4 + (1 - 0). Let f be ((-3 + g)/1)/2. Is ((-2)/(-2) - f)*67 a composite number?
False
Suppose -127 = -0*y - y. Is y composite?
False
Suppose 6*g - 8245 = g. Is g composite?
True
Suppose 3*o - 63 = -2*m, 3*m + m = 3*o - 45. Is o/(-2*(-1)/2) a composite number?
False
Let b(r) = 647*r**2 - 6*r + 3. Is b(2) a composite number?
False
Let o(p) = -2*p + 4 - 588*p**2 + 587*p**2 + 5*p. Let k(y) = 2*y**2 - y. Let v be k(-1). Is o(v) composite?
True
Let y(v) = -v**3 - 10*v**2 + 2*v - 8. Let m(u) = -3*u + 4. Let n be m(5). Let w be y(n). Suppose 0*i + i = w. Is i a prime number?
False
Let b(z) = -z + 8*z**2 - 7*z**2 + 191 + 0*z**2 + z**3. Is b(0) composite?
False
Suppose 0 = -7*c + 4*c + 1830. Suppose -7*m + 3*v = -2*m - 620, -5*v - c = -5*m. Is m composite?
False
Let j(u) = u**3 + 5*u**2 + 5*u + 3. Let y be j(-3). Suppose t + t = 4*o - 8, 5*t + y = 3*o. Suppose q + t = 43. Is q a composite number?
False
Suppose -20 = -4*r, -6*r = 3*f - 3*r - 117. Let l = 65 - f. Is l prime?
True
Suppose -5*i + 37 = -4*y + 2, -2*i + 2*y = -12. Suppose i = 5*u + f - 4, 0 = -u - f - 1. Is -4*2/u - -79 prime?
False
Let p be (-112)/(-18) - (-2)/(-9). Let w = 10 - p. Is 1/1 - (-328)/w a prime number?
True
Suppose 3*k = -0*k + 324. Suppose -24 = 4*g - k. Is g composite?
True
Let u = -251 + -81. Let i(o) = -o**2 + o - 4. Let l be i(3). Is 2/l + u/(-10) prime?
False
Suppose 5*l + 16 = -0*l + 4*j, 2*l = 3*j - 12. Suppose 2*o - 55 - 111 = l. Is o a composite number?
False
Is -3*((-1460)/6 + (-8 - -5)) a prime number?
True
Suppose -7 = 5*b - 22. Let y(o) = 5*o**2 + 2*o + o**3 + 4 + 1 - b*o - 3*o. Is y(-5) prime?
False
Suppose 3*o = -0*o - 111. Is 1 - 1 - o - 0 composite?
False
Let j(s) = -s**3 - s**2 + 4*s + 1. Let a be -2*(-6)/(-4)*1. Let p be j(a). Let v(z) = z**3 - 7*z**2 + 6*z - 8. Is v(p) prime?
False
Let p(j) = -17*j - 14. Let k(y) = -35*y - 29. Let q(a) = 6*k(a) - 13*p(a). Is q(7) prime?
False
Let j(w) = -33*w**3 + 2. Let f be j(-2). Suppose -2*s + 15 + 103 = 4*y, 4*s - f = 2*y. Is s a composite number?
True
Let i = -4 - -6. Suppose k - 7 - 3 = -i*s, 4*k - 28 = -4*s. Suppose -4*r + k*g = -91 - 93, 254 = 5*r + 3*g. Is r a prime number?
False
Let u(k) = 32*k**2 + k + 1. Suppose -1 = 4*h - 9. Is u(h) prime?
True
Let n = -1 - -2. Let f be 3/(n/((-4)/6)). Let k(m) = -43*m**3 - 2*m**2 - 1. Is k(f) prime?
False
Suppose -q = -3*p + p - 422, 2*q + 5*p - 844 = 0. Is q prime?
False
Suppose 0*g = 5*l - 3*g - 6394, 2*l - 2566 = 4*g. Is l prime?
True
Let x(t) = -71*t**3 + 2*t + 1. Let l be x(-1). Suppose 3*n = n + l. Is n a prime number?
False
Suppose -5*z = -4*y - 26, 0*y = -3*y - 2*z - 31. Let t = -5 - -20. Let o = y + t. Is o a composite number?
True
Is -4 + 77313/18 - 2/12 composite?
True
Let n = 165 - 7. Is n composite?
True
Let w(a) = a**2 + 15*a + 20. Let g be w(-14). Is (-3 - (-128)/g)*3 prime?
False
Let s(o) = 2*o**2 + o + 1. Let m(a) = a - 8. Suppose 0 = -2*p - 2*t + 10, 0*p - 11 = -3*p - 5*t. Let v be m(p). Is s(v) a prime number?
True
Is 1013 - 3 - (4 - 3) a composite number?
False
Suppose 3*b + 0 = 18. Is 1554/4*4/b prime?
False
Suppose -b - 19 + 140 = 0. Is b a composite number?
True
Let b = 0 + 5. Suppose 3*w = 19 + 146. Suppose -4*h - w = -b*h. Is h prime?
False
Let o = -23 - -236. Is o comp